5).
486
Let s(k) = 1031*k + 380648. Give s(-369).
209
Let b(f) = -f**3 + 29*f**2 - 60*f + 717. Determine b(29).
-1023
Let m(z) = -4381*z + 350469. Give m(80).
-11
Let j(i) = -35206*i + 20525106. Determine j(583).
8
Let p(n) = -3*n**2 - 115*n - 1043. Calculate p(-9).
-251
Let i(w) = -w**3 + 25*w**2 - 51*w + 93. Give i(23).
-22
Let v(t) = -197*t**3 - 22*t**2 - 20*t + 36. Determine v(-2).
1564
Let j(p) = 1012*p - 58803. Calculate j(59).
905
Let l(n) = 199*n**3 + 2192*n**2 - 17*n - 187. Determine l(-11).
363
Let n(j) = -509*j - 68727. Give n(-135).
-12
Let x(a) = -2*a**3 - 21*a**2 - 170*a - 2937. Give x(-13).
118
Let i(v) = 575*v**2 - 154672*v - 565. Determine i(269).
242
Let q(y) = 2465*y + 322853. Calculate q(-131).
-62
Let y(r) = -6980*r + 13316. Give y(2).
-644
Let a(d) = -11254*d + 4704171. Determine a(418).
-1
Let i(z) = 2*z**2 - 6189*z - 87035. What is i(-14)?
3
Let h(f) = 1028*f + 5958. Give h(-5).
818
Let n(g) = 139*g + 1485. Determine n(5).
2180
Let f(n) = -686092*n + 4116553. Calculate f(6).
1
Let l(x) = 2*x**3 + 175*x**2 + 249*x - 706. Determine l(-86).
68
Let t(c) = 121*c - 20770. Calculate t(171).
-79
Let v(b) = 22*b**2 - 1398*b - 2078. Determine v(65).
2
Let r(n) = -14*n**2 + 6498*n - 216570. Give r(428).
-2
Let b(y) = y**3 + y**2 - 536*y - 1876. What is b(0)?
-1876
Let z(x) = -2*x**2 - 7538*x - 3833571. What is z(-606)?
-15
Let c(y) = -y**3 - 206*y**2 - 839*y - 6247. Calculate c(-202).
15
Let c(b) = -2466*b**2 - 56733*b - 314. Give c(-23).
31
Let k(w) = -12951*w - 155424. Calculate k(-12).
-12
Let k(q) = q**3 + 78*q**2 + 794*q - 124. Give k(-65).
3191
Let t(f) = 3564*f - 46028. Calculate t(13).
304
Let w(l) = 20711*l - 869867. What is w(42)?
-5
Let a(y) = 4*y**3 - 71*y**2 - 121*y + 42. Give a(-2).
-32
Let m(h) = -2*h**3 - 103*h**2 - 1109*h + 792. Give m(-17).
-296
Let t(z) = 15*z**2 - 723*z - 102492. Give t(-62).
-6
Let r(l) = -l**3 - 215*l**2 + 1199*l + 257800. What is r(-215)?
15
Let u(x) = -x**2 - 136246*x - 2996934. What is u(-22)?
-6
Let a(s) = 38103*s + 2133759. What is a(-56)?
-9
Let i(g) = -g**2 - 41*g + 580. What is i(-30)?
910
Let t(y) = -2*y**3 - 74*y**2 + 13*y + 402. What is t(-38)?
2796
Let g(q) = 42*q**3 - 626*q**2 - 212*q + 2278. What is g(15)?
-2
Let i(z) = 21*z**3 + 701*z**2 + 252*z - 391. Give i(-33).
5
Let p(l) = -6585*l**2 + 92189*l + 56. Give p(14).
42
Let x(f) = 9561*f + 66977. Give x(-7).
50
Let z(i) = -13*i**3 - 2497*i**2 - 176*i + 3122. What is z(-192)?
50
Let p(i) = -96*i + 1864. Determine p(21).
-152
Let m(k) = -24605*k + 467487. Determine m(19).
-8
Let v(h) = -589*h**2 - 64*h - 70. Determine v(-1).
-595
Let x(w) = -30*w - 6267. What is x(-210)?
33
Let y(b) = -b**2 + 71*b - 996. Give y(40).
244
Let p(m) = -m**2 + 2097*m - 480766. What is p(262)?
4
Let z(o) = o**3 - 60*o**2 - 525*o + 2647. Give z(67).
-1105
Let d(m) = -m**3 - 9*m**2 + 2*m + 127. Calculate d(-7).
15
Let w(r) = 2133*r**2 + 14972*r + 17. Calculate w(-7).
-270
Let c(q) = -2*q**3 - 119*q**2 - 33*q + 1145. Determine c(-59).
-389
Let q(i) = -2*i**3 + 46*i**2 - 53*i + 352. Calculate q(22).
154
Let n(p) = p**3 + 22*p**2 + 1773*p + 38983. What is n(-22)?
-23
Let p(d) = d**3 + 41*d**2 + 224*d - 14. Give p(-31).
2652
Let t(l) = 63*l**3 - 6*l**2 - 26*l - 18. What is t(-2)?
-494
Let b(y) = -44*y**2 + 11046*y - 9. What is b(251)?
493
Let o(h) = 13705*h**2 + 9757962*h + 1423. Calculate o(-712).
-1
Let m(h) = -5*h**3 - 1815*h**2 - 1819*h - 3751. What is m(-362)?
-493
Let w(n) = 3*n**2 - 2*n - 324. Give w(-10).
-4
Let o(u) = 7*u**2 + 3746*u + 22434. Determine o(-6).
210
Let d(h) = 3*h**3 - 94*h**2 + 99*h + 254. Give d(30).
-376
Let l(h) = 85*h**2 - 4741*h + 8139. What is l(54)?
-15
Let d(y) = 19940*y + 60040. Determine d(-3).
220
Let n(r) = 1722*r + 32764. Determine n(-19).
46
Let n(f) = 2*f**2 - 1769*f + 346314. Determine n(592).
-6
Let c(q) = -q**3 - q**2 + 2894*q - 20198. What is c(7)?
-332
Let k(b) = -16226*b - 3131571. Give k(-193).
47
Let g(j) = j**3 - 10*j**2 - 204*j - 3. What is g(17)?
-1448
Let f(t) = -23*t**2 - 134*t + 226. Determine f(13).
-5403
Let v(w) = w**3 + 82*w**2 + 509*w - 996. Calculate v(-75).
204
Let d(i) = 174*i**2 - 3475*i - 123. Determine d(20).
-23
Let s(b) = -b**2 + 30*b + 2511. Calculate s(65).
236
Let t(y) = -y**2 + 1964*y + 90583. What is t(-45)?
178
Let f(y) = y**2 - 55112*y + 275531. Determine f(5).
-4
Let h(k) = k**3 - 10*k**2 + 254*k - 3543. Determine h(13).
266
Let m(x) = 5*x**2 + 1652*x + 94869. Determine m(-74).
1
Let l(a) = 163*a - 5717. What is l(34)?
-175
Let g(u) = -5*u**3 - 45*u**2 + 49*u + 310. What is g(-10)?
320
Let o(q) = -63*q**2 - 29597*q + 6117. Determine o(-470).
7
Let s(a) = -3*a**3 + 12*a**2 + 97*a - 324. Give s(6).
42
Let h(i) = -i**2 + 592*i + 14684. Determine h(-24).
-100
Let v(c) = c**3 + 89*c**2 - 3743*c - 2759. What is v(-120)?
1
Let b(c) = -2*c**2 + 5049*c - 2869332. Calculate b(864).
12
Let n(b) = -2838*b + 20555. Determine n(8).
-2149
Let c(k) = -121*k - 4360. Give c(-37).
117
Let m(f) = 274353*f + 6584477. Calculate m(-24).
5
Let r(j) = -29*j**2 + 158*j + 899. What is r(9)?
-28
Let x(o) = -1134*o - 630554. Determine x(-556).
-50
Let j(c) = 22*c**2 + 780*c - 466. Calculate j(-37).
792
Let z(t) = -13410*t**2 + 402299*t + 44. Give z(30).
14
Let n(k) = -25*k**3 + 122*k**2 - 49*k + 253. What is n(5)?
-67
Let c(u) = 3*u**3 + 17*u**2 + 64*u + 790. Calculate c(-10).
-1150
Let z(a) = -a**3 - 2*a + 14. Give z(-12).
1766
Let v(j) = 17*j**3 + 8*j**2 - 4794*j - 4800. What is v(-1)?
-15
Let z(s) = 2137*s - 14894. Determine z(7).
65
Let l(q) = 343*q + 14455. What is l(-40)?
735
Let b(d) = 2*d**2 + 137*d + 1794. Calculate b(-44).
-362
Let h(g) = -3002*g - 660440. Give h(-220).
0
Let f(s) = -s**3 - s**2 - 200*s - 402. Give f(-2).
2
Let i(w) = w**3 + 42*w**2 + 522*w + 19734. Determine i(-41).
13
Let v(t) = -2*t**3 + 30*t**2 - 39*t + 258. What is v(6)?
672
Let q(b) = -145*b**3 + 33*b**2 + 15*b - 4. Calculate q(-1).
159
Let w(k) = 83140*k - 249404. Calculate w(3).
16
Let k(q) = q**3 - 69*q**2 + 859*q - 2699. Calculate k(10).
-9
Let z(o) = o**2 - 6945*o - 244309. What is z(-35)?
-9
Let z(p) = 1612*p + 17869. Give z(-11).
137
Let w(o) = -8154*o + 130453. Calculate w(16).
-11
Let y(b) = 12*b**2 - 982*b - 4929. What is y(-5)?
281
Let g(c) = c**2 - 8835*c - 1393445. Calculate g(-155).
5
Let v(y) = 2*y**2 - 1108*y - 33821. Give v(-29).
-7
Let m(d) = -190*d**2 - 650*d - 56. Give m(-3).
184
Let v(g) = 9*g**3 - 185*g**2 + 7*g - 118. Calculate v(21).
1793
Let x(i) = -110754*i - 3322608. Calculate x(-30).
12
Let a(s) = 3*s**2 - 4*s - 42. What is a(13)?
413
Let p(g) = 18*g**2 - 192*g - 2. Determine p(15).
1168
Let p(f) = -23925*f + 574192. What is p(24)?
-8
Let r(l) = -116*l**3 - 7*l**2 - 44*l - 36. What is r(-1)?
117
Let x(u) = u**3 - 733*u**2 - 91823*u + 37886. What is x(842)?
-4
Let u(a) = 2*a**3 - 49*a**2 - 1066*a + 1542. Determine u(38).
22
Let h(r) = -2*r**3 - 4*r**2 - 2*r - 45. Determine h(-4).
27
Let m(q) = q**2 - 389*q - 8619. Determine m(410).
-9
Let p(q) = -q**3 + 26*q**2 - 34*q + 3480. What is p(29)?
-29
Let j(b) = b**2 - 3048*b - 183323. What is j(-59)?
-10
Let d(r) = 2*r**2 + 961*r + 102396. Determine d(-159).
159
Let x(h) = -h**3 + 173*h**2 - 3217*h - 45. Determine x(21).
-570
Let o(f) = -63*f**2 - 7428*f + 620. Give o(-118).
-88
Let y(b) = -b**3 + 68*b**2 + 277*b - 3725. Determine y(71).
819
Let y(q) = q**3 - 305*q**2 - 57114*q + 247. Calculate y(-131).
-15
Let t(z) = 10227*z + 2362321. Give t(-231).
-116
Let o(d) = -34438*d - 34435. What is o(-1)?
3
Let j(v) = -570*v - 310662. Calculate j(-545).
-12
Let g(s) = -3*s**3 - 243*s**2 + 497*s - 89. Determine g(-83).
-6
Let w(a) = 65*a**3 + 230*a**2 + 138*a + 78. Determine w(-3).
-21
Let c(z) = z**2 + 10631*z + 423653. Calculate c(-40).
13
Let n(p) = 3468*p**2 + 1433*p - 3. Give n(-1).
2032
Let t(d) = -1764005*d - 1763984. What is t(-1)?
21
Let y(b) = b**3 + 26*b**2 + 345*b + 5606. Give y(-22).
-48
Let d(x) = 2629*x - 444294. Determine d(169).
7
Let c(r) = -23*r**3 - 1399*r**2 - 19579*r - 60. What is c(-39)?
-21
Let v(i) = i**2 + 356*i + 3707. Give v(-11).
-88
Let h(m) = 2*m**3 + 43*m**2 - 7706*m - 169055. Give h(-22).
-7
Let p(h) = h**3 - 288*h**2 + 479*h + 26907. Calculate p(286).
309
Let s(u) = -58*u**3 + 5683*u**2 + 103*u - 506. Give s(98).
-16
Let s(z) = 229